{"id":1122,"date":"2016-04-11T15:27:13","date_gmt":"2016-04-11T13:27:13","guid":{"rendered":"http:\/\/www.mg-sskvitkovice.cz\/?page_id=1122"},"modified":"2024-10-27T17:32:28","modified_gmt":"2024-10-27T15:32:28","slug":"gymnasticke-nacini","status":"publish","type":"page","link":"https:\/\/www.mg-sskvitkovice.cz\/?page_id=1122","title":{"rendered":"Gymnastick\u00e9 n\u00e1\u010din\u00ed"},"content":{"rendered":"\n<h2 class=\"wp-block-heading\">Normy gymnastick\u00e9ho n\u00e1\u010din\u00ed podle F.I.G.<\/h2>\n\n\n\n<p><strong>M\u00ed\u010d<\/strong>&nbsp; &#8211;&nbsp;&nbsp;&nbsp;&nbsp;&nbsp;&nbsp;&nbsp;&nbsp;&nbsp;&nbsp;&nbsp;&nbsp;&nbsp; v\u00e1ha 400g, pr\u016fm\u011br 18 \u2013 20 cm<\/p>\n\n\n\n<p><strong>Obru\u010d &#8211;<\/strong>&nbsp;&nbsp;&nbsp;&nbsp;&nbsp;&nbsp;&nbsp;&nbsp;&nbsp;&nbsp; v\u00e1ha 300g, pr\u016fm\u011br 80 \u2013 90 cm<\/p>\n\n\n\n<p><strong>\u0160vihadlo &#8211; <\/strong>&nbsp;&nbsp;&nbsp;&nbsp;&nbsp;podle v\u00fd\u0161ky gymnastky<\/p>\n\n\n\n<p><strong>Ku\u017eele<\/strong>&nbsp;&nbsp;&nbsp;&nbsp;&nbsp;&nbsp;&nbsp;&nbsp;&nbsp;&nbsp;&nbsp;&nbsp; v\u00e1ha 150g, d\u00e9lka 40 \u2013 50 cm<\/p>\n\n\n\n<p><strong>Stuha<\/strong>&nbsp;&nbsp;&nbsp;&nbsp;&nbsp;&nbsp;&nbsp;&nbsp;&nbsp;&nbsp;&nbsp;&nbsp;&nbsp; \u0161\u00ed\u0159ka 4-6cm, d\u00e9lka 6m<\/p>\n\n\n\n<p><strong>Ty\u010dka<\/strong>&nbsp;&nbsp;&nbsp;&nbsp;&nbsp;&nbsp;&nbsp;&nbsp;&nbsp;&nbsp;&nbsp;&nbsp;&nbsp;&nbsp; d\u00e9lka 50 \u2013 60cm, pr\u016fm\u011br 1 cm<\/p>\n\n\n\n<h2 class=\"wp-block-heading\">Kontakty na gymnastick\u00e9 n\u00e1\u010din\u00ed<\/h2>\n\n\n\n<p><strong>1.Jannet gym <\/strong><\/p>\n\n\n\n<ol class=\"wp-block-list\"><\/ol>\n\n\n\n<p><strong>Adresa:<\/strong> Peka\u0159sk\u00e1 381\/39, Brno, 602 00\u00a0<\/p>\n\n\n\n<p><strong>Tel.: <\/strong>608 274 762<\/p>\n\n\n\n<p><strong>E-mail:<\/strong> <a href=\"mailto:obchod@janette-gym.cz\">obchod@janette-gym.cz<\/a><\/p>\n\n\n\n<p><strong>WEB:<\/strong> <a href=\"https:\/\/www.janette-gym.cz\">https:\/\/www.janette-gym.cz<\/a><\/p>\n\n\n\n<p><strong>2. Zuza Shop<\/strong><\/p>\n\n\n\n<p><strong>Adresa:<\/strong> Havl\u00ed\u010dkova 27a, Jihlava, 586 01<\/p>\n\n\n\n<p><strong>Tel:<\/strong> 731 490 616<\/p>\n\n\n\n<p><strong>E-mail:<\/strong> <a href=\"mailto:info@zuzashop.cz\">info@zuzashop.cz<\/a><\/p>\n\n\n\n<p><strong>WEB:<\/strong> <a href=\"https:\/\/www.zuzashop.cz\">https:\/\/www.zuzashop.cz<\/a><\/p>\n","protected":false},"excerpt":{"rendered":"<p>Normy gymnastick\u00e9ho n\u00e1\u010din\u00ed podle F.I.G. M\u00ed\u010d&nbsp; &#8211;&nbsp;&nbsp;&nbsp;&nbsp;&nbsp;&nbsp;&nbsp;&nbsp;&nbsp;&nbsp;&nbsp;&nbsp;&nbsp; v\u00e1ha 400g, pr\u016fm\u011br 18 \u2013 20 cm Obru\u010d &#8211;&nbsp;&nbsp;&nbsp;&nbsp;&nbsp;&nbsp;&nbsp;&nbsp;&nbsp;&nbsp; v\u00e1ha 300g, pr\u016fm\u011br 80 \u2013 90 cm \u0160vihadlo &#8211; &nbsp;&nbsp;&nbsp;&nbsp;&nbsp;podle v\u00fd\u0161ky gymnastky Ku\u017eele&nbsp;&nbsp;&nbsp;&nbsp;&nbsp;&nbsp;&nbsp;&nbsp;&nbsp;&nbsp;&nbsp;&nbsp; v\u00e1ha 150g, d\u00e9lka 40 \u2013 50 cm Stuha&nbsp;&nbsp;&nbsp;&nbsp;&nbsp;&nbsp;&nbsp;&nbsp;&nbsp;&nbsp;&nbsp;&nbsp;&nbsp; \u0161\u00ed\u0159ka 4-6cm, d\u00e9lka 6m Ty\u010dka&nbsp;&nbsp;&nbsp;&nbsp;&nbsp;&nbsp;&nbsp;&nbsp;&nbsp;&nbsp;&nbsp;&nbsp;&nbsp;&nbsp; d\u00e9lka 50 \u2013 60cm, pr\u016fm\u011br 1 cm Kontakty na gymnastick\u00e9 n\u00e1\u010din\u00ed 1.Jannet gym<a class=\"more\" href=\"https:\/\/www.mg-sskvitkovice.cz\/?page_id=1122\" title=\"Read More\"> [&#8230;] <\/a><\/p>\n","protected":false},"author":1,"featured_media":0,"parent":1676,"menu_order":4,"comment_status":"closed","ping_status":"closed","template":"","meta":{"ngg_post_thumbnail":0,"footnotes":""},"class_list":["post-1122","page","type-page","status-publish","hentry","post-container col-md-12"],"_links":{"self":[{"href":"https:\/\/www.mg-sskvitkovice.cz\/index.php?rest_route=\/wp\/v2\/pages\/1122","targetHints":{"allow":["GET"]}}],"collection":[{"href":"https:\/\/www.mg-sskvitkovice.cz\/index.php?rest_route=\/wp\/v2\/pages"}],"about":[{"href":"https:\/\/www.mg-sskvitkovice.cz\/index.php?rest_route=\/wp\/v2\/types\/page"}],"author":[{"embeddable":true,"href":"https:\/\/www.mg-sskvitkovice.cz\/index.php?rest_route=\/wp\/v2\/users\/1"}],"replies":[{"embeddable":true,"href":"https:\/\/www.mg-sskvitkovice.cz\/index.php?rest_route=%2Fwp%2Fv2%2Fcomments&post=1122"}],"version-history":[{"count":10,"href":"https:\/\/www.mg-sskvitkovice.cz\/index.php?rest_route=\/wp\/v2\/pages\/1122\/revisions"}],"predecessor-version":[{"id":2290,"href":"https:\/\/www.mg-sskvitkovice.cz\/index.php?rest_route=\/wp\/v2\/pages\/1122\/revisions\/2290"}],"up":[{"embeddable":true,"href":"https:\/\/www.mg-sskvitkovice.cz\/index.php?rest_route=\/wp\/v2\/pages\/1676"}],"wp:attachment":[{"href":"https:\/\/www.mg-sskvitkovice.cz\/index.php?rest_route=%2Fwp%2Fv2%2Fmedia&parent=1122"}],"curies":[{"name":"wp","href":"https:\/\/api.w.org\/{rel}","templated":true}]}}