{"id":1704,"date":"2020-08-04T20:43:56","date_gmt":"2020-08-04T18:43:56","guid":{"rendered":"http:\/\/www.mg-sskvitkovice.cz\/?page_id=1704"},"modified":"2024-03-01T09:40:15","modified_gmt":"2024-03-01T07:40:15","slug":"ostravsky-pohar-2020","status":"publish","type":"page","link":"https:\/\/www.mg-sskvitkovice.cz\/?page_id=1704","title":{"rendered":"Ostravsk\u00fd poh\u00e1r 2020"},"content":{"rendered":"\n<div class=\"wp-block-image\"><figure class=\"aligncenter\"><img loading=\"lazy\" decoding=\"async\" width=\"554\" height=\"783\" src=\"https:\/\/www.mg-sskvitkovice.cz\/wp-content\/uploads\/plakat2020-1-2.png\" alt=\"\" class=\"wp-image-1809\"\/><\/figure><\/div>\n\n\n\n<p> <br>Pozv\u00e1nka na tradi\u010dn\u00ed, ji\u017e 24. ro\u010dn\u00edk, z\u00e1vodu v modern\u00ed gymnastice, kter\u00fd po\u0159\u00e1d\u00e1 n\u00e1\u0161 odd\u00edl SSK V\u00edtkovice 5.z\u00e1\u0159\u00ed 2020 je v n\u00ed\u017ee uveden\u00e9m souboru. <\/p>\n\n\n\n<div class=\"wp-block-file\"><a href=\"https:\/\/www.mg-sskvitkovice.cz\/wp-content\/uploads\/plakatpohar2020.pdf\">Pozv\u00e1nka (pdf)<\/a><a href=\"https:\/\/www.mg-sskvitkovice.cz\/wp-content\/uploads\/plakatpohar2020.pdf\" class=\"wp-block-file__button\" download>St\u00e1hnout<\/a><\/div>\n","protected":false},"excerpt":{"rendered":"<p>Pozv\u00e1nka na tradi\u010dn\u00ed, ji\u017e 24. ro\u010dn\u00edk, z\u00e1vodu v modern\u00ed gymnastice, kter\u00fd po\u0159\u00e1d\u00e1 n\u00e1\u0161 odd\u00edl SSK V\u00edtkovice 5.z\u00e1\u0159\u00ed 2020 je v n\u00ed\u017ee uveden\u00e9m souboru.<a class=\"more\" href=\"https:\/\/www.mg-sskvitkovice.cz\/?page_id=1704\" title=\"Read More\"> [&#8230;] <\/a><\/p>\n","protected":false},"author":1,"featured_media":0,"parent":1679,"menu_order":4,"comment_status":"closed","ping_status":"closed","template":"","meta":{"ngg_post_thumbnail":0,"footnotes":""},"class_list":["post-1704","page","type-page","status-publish","hentry","post-container col-md-12"],"_links":{"self":[{"href":"https:\/\/www.mg-sskvitkovice.cz\/index.php?rest_route=\/wp\/v2\/pages\/1704","targetHints":{"allow":["GET"]}}],"collection":[{"href":"https:\/\/www.mg-sskvitkovice.cz\/index.php?rest_route=\/wp\/v2\/pages"}],"about":[{"href":"https:\/\/www.mg-sskvitkovice.cz\/index.php?rest_route=\/wp\/v2\/types\/page"}],"author":[{"embeddable":true,"href":"https:\/\/www.mg-sskvitkovice.cz\/index.php?rest_route=\/wp\/v2\/users\/1"}],"replies":[{"embeddable":true,"href":"https:\/\/www.mg-sskvitkovice.cz\/index.php?rest_route=%2Fwp%2Fv2%2Fcomments&post=1704"}],"version-history":[{"count":4,"href":"https:\/\/www.mg-sskvitkovice.cz\/index.php?rest_route=\/wp\/v2\/pages\/1704\/revisions"}],"predecessor-version":[{"id":1818,"href":"https:\/\/www.mg-sskvitkovice.cz\/index.php?rest_route=\/wp\/v2\/pages\/1704\/revisions\/1818"}],"up":[{"embeddable":true,"href":"https:\/\/www.mg-sskvitkovice.cz\/index.php?rest_route=\/wp\/v2\/pages\/1679"}],"wp:attachment":[{"href":"https:\/\/www.mg-sskvitkovice.cz\/index.php?rest_route=%2Fwp%2Fv2%2Fmedia&parent=1704"}],"curies":[{"name":"wp","href":"https:\/\/api.w.org\/{rel}","templated":true}]}}