{"id":2403,"date":"2025-04-11T13:19:09","date_gmt":"2025-04-11T11:19:09","guid":{"rendered":"https:\/\/www.mg-sskvitkovice.cz\/?page_id=2403"},"modified":"2025-04-11T13:33:14","modified_gmt":"2025-04-11T11:33:14","slug":"svadleny","status":"publish","type":"page","link":"https:\/\/www.mg-sskvitkovice.cz\/?page_id=2403","title":{"rendered":"\u0160vadleny"},"content":{"rendered":"\n<div class=\"wp-block-group\"><div class=\"wp-block-group__inner-container is-layout-constrained wp-block-group-is-layout-constrained\">\n<p class=\"has-medium-font-size\"><strong>Lucie Vachala<\/strong><br>tel.: +420 736 703 334&nbsp;<br>Ig: @lucie_vachala<br>Fb: Made by Costa<\/p>\n\n\n\n<div class=\"wp-block-group is-vertical is-layout-flex wp-container-core-group-is-layout-1 wp-block-group-is-layout-flex\">\n<p class=\"has-medium-font-size\"><strong>Catred:<\/strong><\/p>\n\n\n\n<p class=\"has-medium-font-size\">Lada Mo\u010didlanov\u00e1<\/p>\n\n\n\n<p class=\"has-medium-font-size\">tel.: +420 775 104 059<\/p>\n\n\n\n<p class=\"has-medium-font-size\">Ig: @catredcz<\/p>\n\n\n\n<p class=\"has-medium-font-size\">e-mail: mocidlanoval@seznam.cz<\/p>\n\n\n\n<p class=\"has-medium-font-size\"><br><strong>Firma Aipexsport:<\/strong><br>p. Gajdiokov\u00e1\u00a0 &#8211; +420 604 523 097<br>p. Pavlasov\u00e1\u00a0 \u00a0 &#8211;\u00a0 +420 731 158 583<\/p>\n<\/div>\n<\/div><\/div>\n\n\n\n<p><\/p>\n","protected":false},"excerpt":{"rendered":"<p>Lucie Vachalatel.: +420 736 703 334&nbsp;Ig: @lucie_vachalaFb: Made by Costa Catred: Lada Mo\u010didlanov\u00e1 tel.: +420 775 104 059 Ig: @catredcz e-mail: mocidlanoval@seznam.cz Firma Aipexsport:p. Gajdiokov\u00e1\u00a0 &#8211; +420 604 523 097p. Pavlasov\u00e1\u00a0 \u00a0 &#8211;\u00a0 +420 731 158 583<a class=\"more\" href=\"https:\/\/www.mg-sskvitkovice.cz\/?page_id=2403\" title=\"Read More\"> [&#8230;] <\/a><\/p>\n","protected":false},"author":1,"featured_media":0,"parent":0,"menu_order":0,"comment_status":"closed","ping_status":"closed","template":"","meta":{"ngg_post_thumbnail":0,"footnotes":""},"class_list":["post-2403","page","type-page","status-publish","hentry","post-container col-md-12"],"_links":{"self":[{"href":"https:\/\/www.mg-sskvitkovice.cz\/index.php?rest_route=\/wp\/v2\/pages\/2403","targetHints":{"allow":["GET"]}}],"collection":[{"href":"https:\/\/www.mg-sskvitkovice.cz\/index.php?rest_route=\/wp\/v2\/pages"}],"about":[{"href":"https:\/\/www.mg-sskvitkovice.cz\/index.php?rest_route=\/wp\/v2\/types\/page"}],"author":[{"embeddable":true,"href":"https:\/\/www.mg-sskvitkovice.cz\/index.php?rest_route=\/wp\/v2\/users\/1"}],"replies":[{"embeddable":true,"href":"https:\/\/www.mg-sskvitkovice.cz\/index.php?rest_route=%2Fwp%2Fv2%2Fcomments&post=2403"}],"version-history":[{"count":4,"href":"https:\/\/www.mg-sskvitkovice.cz\/index.php?rest_route=\/wp\/v2\/pages\/2403\/revisions"}],"predecessor-version":[{"id":2417,"href":"https:\/\/www.mg-sskvitkovice.cz\/index.php?rest_route=\/wp\/v2\/pages\/2403\/revisions\/2417"}],"wp:attachment":[{"href":"https:\/\/www.mg-sskvitkovice.cz\/index.php?rest_route=%2Fwp%2Fv2%2Fmedia&parent=2403"}],"curies":[{"name":"wp","href":"https:\/\/api.w.org\/{rel}","templated":true}]}}